{"id":207,"date":"2014-01-20T09:21:17","date_gmt":"2014-01-20T09:21:17","guid":{"rendered":"http:\/\/lesuniversdetemple.wordpress.com\/?page_id=207"},"modified":"2026-03-17T14:34:33","modified_gmt":"2026-03-17T14:34:33","slug":"fonds-temple","status":"publish","type":"page","link":"https:\/\/frederic-jacques-temple.fr\/index.php\/fonds-temple\/","title":{"rendered":"Fonds Temple"},"content":{"rendered":"<p><a href=\"http:\/\/lesuniversdetemple.wordpress.com\/wp-content\/uploads\/2014\/01\/expo.jpg\"><img loading=\"lazy\" decoding=\"async\" class=\"alignnone size-large wp-image-208\" alt=\"expo\" src=\"http:\/\/lesuniversdetemple.wordpress.com\/wp-content\/uploads\/2014\/01\/expo.jpg?w=440\" width=\"440\" height=\"330\" srcset=\"https:\/\/pfjt.vie-locale.fr\/wp-content\/uploads\/2014\/01\/expo.jpg 800w, https:\/\/pfjt.vie-locale.fr\/wp-content\/uploads\/2014\/01\/expo-300x225.jpg 300w, https:\/\/pfjt.vie-locale.fr\/wp-content\/uploads\/2014\/01\/expo-768x576.jpg 768w\" sizes=\"auto, (max-width: 440px) 100vw, 440px\" \/><\/a><\/p>\n<p>La M\u00e9diath\u00e8que centrale d&rsquo;Agglom\u00e9ration\u00a0 \u00c9mile-Zola de Montpellier accueille depuis 2011 un Fonds Temple, suite \u00e0 la donation par le po\u00e8te de ses archives personnelles (manuscrits, livres, correspondances, documents, photographies et enregistrements\u2026).<\/p>\n<p>Catalogue de l&rsquo;exposition de 2011 <i>Fr\u00e9d\u00e9ric Jacques Temple, po\u00e8te\u2026<\/i> (photo ci-dessus) <a href=\"http:\/\/www.montpellier-agglo.com\/medias\/fichier\/catalogue-expo-fjtemple_1319111270829.pdf\" target=\"_blank\">disponible en ligne ici<\/a><\/p>\n<p>Le Fonds est consultable en salle patrimoine et recherche \u00ab\u00a0Sabatier d&rsquo;Espeyran\u00a0\u00bb. Consultation des documents sur place uniquement et sur pr\u00e9sentation de la carte d&rsquo;inscription en cours de validit\u00e9, aux heures d\u2019ouverture.<\/p>\n<p>Pour la consultation du fonds, adressez votre demande \u00e0 la m\u00e9diath\u00e8que centrale d&rsquo;Agglom\u00e9ration \u00c9mile-Zola, service Patrimoine, 240 rue de l&rsquo;Acropole 34000 Montpellier<\/p>\n<p>ou <a href=\"mailto:secretariatdesmediatheques@montpellier-agglo.com\" target=\"_blank\"><span style=\"text-decoration:underline;\"><span style=\"color:#0066cc;\">secretariatdesmediatheques@montpellier-agglo.com<\/span><\/span><\/a><\/p>\n<p>Le Fonds Temple est riche de plus de 5800 documents, dont\u00a0:<\/p>\n<p>339 manuscrits et tapuscrits de po\u00e8mes,\u00a0 articles, journal (<i>Avec Delteil. Reprise d\u2019un journal 1950 1957 1958<\/i>),\u00a0 conducteurs d\u2019\u00e9missions de radio (<i>Carnet de poche<\/i>), synopsis de <i>Vidourle arrive<\/i><i>\u2026<\/i>. Tapuscrit de <i>L\u2019Enclos<\/i><i>.<\/i><\/p>\n<p>1302 ouvrages : toutes les \u00e9ditions des livres de Temple, de nombreux ouvrages de sa biblioth\u00e8que, souvent enrichis de d\u00e9dicaces (Joseph Delteil, Gaston Baissette, Lawrence Durrell, Henry Miller, Richard Aldington\u2026)<\/p>\n<p>52 livres d&rsquo;artiste, r\u00e9alis\u00e9s avec trentaine d\u2019artistes, parmi lesquels les peintres Alain Cl\u00e9ment, Dagmar Martens, Jean Hugo, Andr\u00e9-Pierre Arnal, Pierre Soulages, S\u00e9bastien Fr\u00e8re, Claude Viallat, Arthur Secunda, Albert Ayme, Patrice Vermeille, Firmin Altimir, Ren\u00e9 Derouin, Vincent Bioul\u00e8s, Judith Rothchild, Samy Briss, Jacques Clauzel\u2026 et le sculpteur Emmanuel Fillot.<\/p>\n<p>929 articles de presse et 484 num\u00e9ros de p\u00e9riodiques.<\/p>\n<p>1905 pi\u00e8ces de correspondance. Parmi les correspondants\u00a0: Fran\u00e7ois Cari\u00e8s, Joseph Delteil, Pierre Seghers, Lawrence Durrell, Henry Miller, Richard Aldington, David Herbert Lawrence, Max et Yves Rouquette, Loys Masson, Haniel Long, Robert Sabatier, Michel Seuphor, Nino Frank, Jean Fanchette, \u00c9mile Dermenghen, Ren\u00e9 Depestre\u2026 et aussi des anciens condisciples, officiers, professeurs, lecteurs et auditeurs\u2026<\/p>\n<p>De nombreux tracts, programmes, invitations, tir\u00e9s \u00e0 part, dossiers\u00a0 constitu\u00e9s par le po\u00e8te, par exemple autour de son livre <i>Les Eaux mortes\u00a0:<\/i> photographies de s\u00e9ances de signature, articles dans la presse, courriers relatifs \u00e0 l\u2019attribution du prix de l\u2019Acad\u00e9mie fran\u00e7aise et \u00e0 la s\u00e9lection pour le Prix Goncourt en 1975, lettres adress\u00e9es \u00e0 l\u2019auteur.<\/p>\n<p>326 photographies r\u00e9alis\u00e9es, par une trentaine de photographes professionnels et amateurs, couvrant toutes les p\u00e9riodes de sa vie<\/p>\n<p>Une vingtaine d&rsquo;objets, parmi lesquels une douzaine de pipes, dont celle repr\u00e9sent\u00e9e sur le tableau de Vincent Bioul\u00e8s <i>Villa Marguerite ou la famille heureuse <\/i>(1986)<i> <\/i>et la limule ramass\u00e9e en 1994 par le po\u00e8te \u00e0 Long Island (c\u00f4te est des \u00c9tats-Unis), \u00e0 l&rsquo;origine de son r\u00e9cit <i>Le Chant des limules<\/i> (2003).<\/p>\n<p align=\"right\">Gilles Gudin de Vallerin<\/p>\n<p align=\"right\">Directeur du r\u00e9seau des m\u00e9diath\u00e8ques<\/p>\n<p align=\"right\">de Montpellier Agglom\u00e9ration<\/p>\n","protected":false},"excerpt":{"rendered":"<p>La M\u00e9diath\u00e8que centrale d&rsquo;Agglom\u00e9ration\u00a0 \u00c9mile-Zola de Montpellier accueille depuis 2011 un Fonds Temple, suite \u00e0 la donation par le po\u00e8te de ses archives personnelles (manuscrits, livres, correspondances, documents, photographies et enregistrements\u2026). Catalogue de l&rsquo;exposition de 2011 Fr\u00e9d\u00e9ric Jacques Temple, po\u00e8te\u2026 (photo ci-dessus) disponible en ligne ici Le Fonds est consultable en salle patrimoine et recherche [&hellip;]<\/p>\n","protected":false},"author":3,"featured_media":0,"parent":0,"menu_order":0,"comment_status":"closed","ping_status":"open","template":"","meta":{"footnotes":""},"class_list":["post-207","page","type-page","status-publish","hentry"],"_links":{"self":[{"href":"https:\/\/frederic-jacques-temple.fr\/index.php\/wp-json\/wp\/v2\/pages\/207","targetHints":{"allow":["GET"]}}],"collection":[{"href":"https:\/\/frederic-jacques-temple.fr\/index.php\/wp-json\/wp\/v2\/pages"}],"about":[{"href":"https:\/\/frederic-jacques-temple.fr\/index.php\/wp-json\/wp\/v2\/types\/page"}],"author":[{"embeddable":true,"href":"https:\/\/frederic-jacques-temple.fr\/index.php\/wp-json\/wp\/v2\/users\/3"}],"replies":[{"embeddable":true,"href":"https:\/\/frederic-jacques-temple.fr\/index.php\/wp-json\/wp\/v2\/comments?post=207"}],"version-history":[{"count":1,"href":"https:\/\/frederic-jacques-temple.fr\/index.php\/wp-json\/wp\/v2\/pages\/207\/revisions"}],"predecessor-version":[{"id":681,"href":"https:\/\/frederic-jacques-temple.fr\/index.php\/wp-json\/wp\/v2\/pages\/207\/revisions\/681"}],"wp:attachment":[{"href":"https:\/\/frederic-jacques-temple.fr\/index.php\/wp-json\/wp\/v2\/media?parent=207"}],"curies":[{"name":"wp","href":"https:\/\/api.w.org\/{rel}","templated":true}]}}