{"id":202,"date":"2014-01-20T09:04:54","date_gmt":"2014-01-20T09:04:54","guid":{"rendered":"http:\/\/lesuniversdetemple.wordpress.com\/?page_id=202"},"modified":"2026-03-17T14:34:33","modified_gmt":"2026-03-17T14:34:33","slug":"une-vie-2009","status":"publish","type":"page","link":"https:\/\/frederic-jacques-temple.fr\/index.php\/une-vie-2009\/","title":{"rendered":"Une vie 2009&#8230;"},"content":{"rendered":"<h1>2009<\/h1>\n<p>S\u00e9jour \u00e0 Rome. Charles Sigel, de la Radio Suisse Romande, lui consacre une \u00e9mission de trois heures, Comme il vous plaira. Soir\u00e9e Cendrars \u00e0 la M\u00e9diath\u00e8que \u00c9mile-Zola de Montpellier avec Claude Leroy et Denis Lavant. Publication de <em>Beaucoup de jours<\/em> (Actes Sud).<\/p>\n<p><a href=\"http:\/\/lesuniversdetemple.wordpress.com\/wp-content\/uploads\/2014\/01\/2009-avec-yves-rouquette-castries-annie-estc3a8ves.jpg\"><img loading=\"lazy\" decoding=\"async\" class=\"alignnone size-large wp-image-321\" alt=\"2009 Avec Yves Rouquette Castries Annie Est\u00e8ves\" src=\"http:\/\/lesuniversdetemple.wordpress.com\/wp-content\/uploads\/2014\/01\/2009-avec-yves-rouquette-castries-annie-estc3a8ves.jpg?w=440\" width=\"440\" height=\"288\" srcset=\"https:\/\/pfjt.vie-locale.fr\/wp-content\/uploads\/2014\/01\/2009-avec-yves-rouquette-castries-annie-estc3a8ves.jpg 1772w, https:\/\/pfjt.vie-locale.fr\/wp-content\/uploads\/2014\/01\/2009-avec-yves-rouquette-castries-annie-estc3a8ves-300x197.jpg 300w, https:\/\/pfjt.vie-locale.fr\/wp-content\/uploads\/2014\/01\/2009-avec-yves-rouquette-castries-annie-estc3a8ves-1024x671.jpg 1024w, https:\/\/pfjt.vie-locale.fr\/wp-content\/uploads\/2014\/01\/2009-avec-yves-rouquette-castries-annie-estc3a8ves-768x504.jpg 768w, https:\/\/pfjt.vie-locale.fr\/wp-content\/uploads\/2014\/01\/2009-avec-yves-rouquette-castries-annie-estc3a8ves-1536x1007.jpg 1536w\" sizes=\"auto, (max-width: 440px) 100vw, 440px\" \/><\/a><\/p>\n<p style=\"text-align:left;\">\u00a0\u00a0\u00a0 Avec Yves Rouquette \u00e0 la Maison de la Po\u00e9sie en Languedoc<\/p>\n<h1>2010<\/h1>\n<p>\u00ab Carte blanche \u00bb aux Assises de la traduction litt\u00e9raire, \u00e0 Arles. Publication des actes du colloque de Saorge par les Presses Universitaires de Rennes, sous la direction de Colette Camelin. Cycle \u00ab Fr\u00e9d\u00e9ric Jacques Temple, l\u2019Am\u00e9rique et la litt\u00e9rature \u00bb, conf\u00e9rences\u00a0organis\u00e9es par la M\u00e9diath\u00e8que \u00c9mile-Zola de Montpellier.<\/p>\n<p style=\"text-align:center;\"><a href=\"http:\/\/lesuniversdetemple.wordpress.com\/wp-content\/uploads\/2014\/01\/2010-actes-saorge.jpg\"><img loading=\"lazy\" decoding=\"async\" class=\"size-full wp-image-322 alignleft\" alt=\"2010 Actes Saorge\" src=\"http:\/\/lesuniversdetemple.wordpress.com\/wp-content\/uploads\/2014\/01\/2010-actes-saorge.jpg\" width=\"177\" height=\"240\" \/><\/a><\/p>\n<h1><\/h1>\n<h1><\/h1>\n<h1><\/h1>\n<h1><\/h1>\n<h1><\/h1>\n<h1><\/h1>\n<h1><\/h1>\n<h1>2011<\/h1>\n<p>Publication de <em>Profonds pays<\/em>, po\u00e8mes (\u00c9d. Obsidiane). L\u2019ann\u00e9e de son quatre-vingt-dixi\u00e8me anniversaire est marqu\u00e9e par une s\u00e9rie d\u2019\u00e9v\u00e9nements : colloque, concert, spectacles, grande exposition de ses archives d\u00e9pos\u00e9es \u00e0 la M\u00e9diath\u00e8que \u00c9mile Zola. Le 18 ao\u00fbt, ferrade et grande soir\u00e9e en Petite Camargue, pour f\u00eater son anniversaire, quarante ans de vie commune avec Brigitte Portal et leur mariage c\u00e9l\u00e9br\u00e9 la veille.<\/p>\n<p><a href=\"http:\/\/lesuniversdetemple.wordpress.com\/wp-content\/uploads\/2014\/01\/2011-fjt028-annie-estc3a8ves.jpg\"><img loading=\"lazy\" decoding=\"async\" class=\"alignnone size-large wp-image-323\" alt=\"2011 FJT028 Annie Est\u00e8ves\" src=\"http:\/\/lesuniversdetemple.wordpress.com\/wp-content\/uploads\/2014\/01\/2011-fjt028-annie-estc3a8ves.jpg?w=440\" width=\"440\" height=\"310\" srcset=\"https:\/\/pfjt.vie-locale.fr\/wp-content\/uploads\/2014\/01\/2011-fjt028-annie-estc3a8ves.jpg 1276w, https:\/\/pfjt.vie-locale.fr\/wp-content\/uploads\/2014\/01\/2011-fjt028-annie-estc3a8ves-300x212.jpg 300w, https:\/\/pfjt.vie-locale.fr\/wp-content\/uploads\/2014\/01\/2011-fjt028-annie-estc3a8ves-1024x722.jpg 1024w, https:\/\/pfjt.vie-locale.fr\/wp-content\/uploads\/2014\/01\/2011-fjt028-annie-estc3a8ves-768x542.jpg 768w\" sizes=\"auto, (max-width: 440px) 100vw, 440px\" \/><\/a><\/p>\n<h1>2012<\/h1>\n<p>R\u00e9\u00e9dition de <em>Phares, balises &amp; feux brefs<\/em>, augment\u00e9 de <em>P\u00e9riples<\/em> (\u00c9d. Bruno Doucey). Publication de <em>Fr\u00e8re Jacques<\/em> (Finitude), lettres re\u00e7ues d\u2019Henry Miller.<\/p>\n<p>\u00ab La po\u00e9sie n\u2019a cess\u00e9 de m\u2019accompagner de ses phares, balises ou feux brefs, pour jalonner mes routes et mes navigations. Des po\u00e8mes sont n\u00e9s, m\u00eame dans les trous d\u2019eau glac\u00e9e des Abruzzes, dans le fracas des bombes, la terrible odeur des charpies, les hurlements supr\u00eames, comme pour t\u00e9moigner qu\u2019elle ne cessait de participer de l\u2019aventure de vivre. Car il faut vivre, et vivre d\u2019abord. <em>Deinde, filosofare<\/em>. \u00bb<\/p>\n<p style=\"text-align:right;\">Remerciements pour le Prix Apollinaire, 2013<\/p>\n<p><a href=\"http:\/\/lesuniversdetemple.wordpress.com\/wp-content\/uploads\/2014\/01\/2012-phares-balise-et-feux-brefs.jpg\"><img loading=\"lazy\" decoding=\"async\" class=\"alignnone size-large wp-image-324\" alt=\"2012 Phares balise et feux brefs\" src=\"http:\/\/lesuniversdetemple.wordpress.com\/wp-content\/uploads\/2014\/01\/2012-phares-balise-et-feux-brefs.jpg?w=440\" width=\"440\" height=\"559\" srcset=\"https:\/\/pfjt.vie-locale.fr\/wp-content\/uploads\/2014\/01\/2012-phares-balise-et-feux-brefs.jpg 787w, https:\/\/pfjt.vie-locale.fr\/wp-content\/uploads\/2014\/01\/2012-phares-balise-et-feux-brefs-236x300.jpg 236w, https:\/\/pfjt.vie-locale.fr\/wp-content\/uploads\/2014\/01\/2012-phares-balise-et-feux-brefs-768x977.jpg 768w\" sizes=\"auto, (max-width: 440px) 100vw, 440px\" \/><\/a><\/p>\n<h1>2013<\/h1>\n<p>Lors du Salon \u00ab \u00c9tonnants Voyageurs \u00bb, de Saint-Malo, un hommage lui est rendu par Jean Rouaud et Alain Borer. La revue <em>Nunc<\/em> lui consacre un \u00ab dossier \u00bb dans son num\u00e9ro 30, sous la direction de Jacqueline Assa\u00ebl. Pr\u00e9face le <em>Blaise Cendrars<\/em> d\u2019Henry Miller r\u00e9\u00e9dit\u00e9 par Fata Morgana. Re\u00e7oit le Prix Apollinaire pour l&rsquo;ensemble de son \u0153uvre.<\/p>\n<p>\u00ab Le moyen le plus s\u00fbr de vivre longtemps, c\u2019est de r\u00e9ussir \u00e0 devenir vieux. Ce sage conseil que donne Erik Satie, j\u2019ai la chance de le mettre en pratique. C\u2019est que la vie r\u00e9serve encore et toujours de bonnes surprises que je ne voudrais pas manquer ; et aujourd\u2019hui celle-ci : recevoir le Prix Apollinaire. Je me sens dans la peau d\u2019un jeune po\u00e8te dont on encourage les d\u00e9buts prometteurs. \u00bb<\/p>\n<p style=\"text-align:right;\">Remerciements pour le Prix Apollinaire, 2013<\/p>\n<p><a href=\"http:\/\/lesuniversdetemple.wordpress.com\/wp-content\/uploads\/2014\/01\/aubrac1989-corrigc3a9.jpg\"><img loading=\"lazy\" decoding=\"async\" class=\"alignnone size-large wp-image-510\" alt=\"Aubrac1989 (corrig\u00e9)\" src=\"http:\/\/lesuniversdetemple.wordpress.com\/wp-content\/uploads\/2014\/01\/aubrac1989-corrigc3a9.jpg?w=440\" width=\"440\" height=\"293\" \/><\/a><\/p>\n","protected":false},"excerpt":{"rendered":"<p>2009 S\u00e9jour \u00e0 Rome. Charles Sigel, de la Radio Suisse Romande, lui consacre une \u00e9mission de trois heures, Comme il vous plaira. Soir\u00e9e Cendrars \u00e0 la M\u00e9diath\u00e8que \u00c9mile-Zola de Montpellier avec Claude Leroy et Denis Lavant. Publication de Beaucoup de jours (Actes Sud). \u00a0\u00a0\u00a0 Avec Yves Rouquette \u00e0 la Maison de la Po\u00e9sie en Languedoc [&hellip;]<\/p>\n","protected":false},"author":3,"featured_media":0,"parent":0,"menu_order":0,"comment_status":"closed","ping_status":"open","template":"","meta":{"footnotes":""},"class_list":["post-202","page","type-page","status-publish","hentry"],"_links":{"self":[{"href":"https:\/\/frederic-jacques-temple.fr\/index.php\/wp-json\/wp\/v2\/pages\/202","targetHints":{"allow":["GET"]}}],"collection":[{"href":"https:\/\/frederic-jacques-temple.fr\/index.php\/wp-json\/wp\/v2\/pages"}],"about":[{"href":"https:\/\/frederic-jacques-temple.fr\/index.php\/wp-json\/wp\/v2\/types\/page"}],"author":[{"embeddable":true,"href":"https:\/\/frederic-jacques-temple.fr\/index.php\/wp-json\/wp\/v2\/users\/3"}],"replies":[{"embeddable":true,"href":"https:\/\/frederic-jacques-temple.fr\/index.php\/wp-json\/wp\/v2\/comments?post=202"}],"version-history":[{"count":1,"href":"https:\/\/frederic-jacques-temple.fr\/index.php\/wp-json\/wp\/v2\/pages\/202\/revisions"}],"predecessor-version":[{"id":689,"href":"https:\/\/frederic-jacques-temple.fr\/index.php\/wp-json\/wp\/v2\/pages\/202\/revisions\/689"}],"wp:attachment":[{"href":"https:\/\/frederic-jacques-temple.fr\/index.php\/wp-json\/wp\/v2\/media?parent=202"}],"curies":[{"name":"wp","href":"https:\/\/api.w.org\/{rel}","templated":true}]}}