{"id":168,"date":"2014-01-19T12:23:46","date_gmt":"2014-01-19T12:23:46","guid":{"rendered":"http:\/\/lesuniversdetemple.wordpress.com\/?page_id=168"},"modified":"2026-03-17T14:34:33","modified_gmt":"2026-03-17T14:34:33","slug":"livres-dartiste","status":"publish","type":"page","link":"https:\/\/frederic-jacques-temple.fr\/index.php\/livres-dartiste\/","title":{"rendered":"Livres d&rsquo;artiste"},"content":{"rendered":"<h1><strong><span style=\"line-height:1.5em;\">Alain Lucien Beno\u00eet \u2013 \u00c9dition<\/span><\/strong><\/h1>\n<p><a href=\"http:\/\/www.abedition.com\/collection.php?coll_id=11\">http:\/\/www.abedition.com\/collection.php?coll_id=11<\/a><\/p>\n<ul>\n<li><i>Sous les branches<\/i>, gouaches d\u2019Alain Cl\u00e9ment<\/li>\n<\/ul>\n<h1><b>Editart<\/b><\/h1>\n<p><a href=\"http:\/\/www.editart.ch\/\">http:\/\/www.editart.ch\/<\/a><\/p>\n<ul>\n<li><i>Entre la lune et le soleil, <\/i>s\u00e9rigraphies de Samy Briss<\/li>\n<li><i>Si je t&rsquo;oublie, <\/i>s\u00e9rigraphies de Samy Briss<\/li>\n<\/ul>\n<h1><b><\/b><b>\u00c9ditions \u00c0 travers<\/b><\/h1>\n<p><a href=\"http:\/\/www.jacquesclauzel.com\/editions-a-travers-art-contemporain-jacques-clauzel.aspx\">http:\/\/www.jacquesclauzel.com\/editions-a-travers-art-contemporain-jacques-clauzel.aspx<\/a><\/p>\n<ul>\n<li><i>Vers l\u2019oubli<\/i>, avec des lavis de Jacques Clauzel<\/li>\n<li><i>Le d\u00e9sert br\u00fble<\/i>, avec des lavis au brou de noix de Jacques Clauzel<\/li>\n<li><i>Car le noir aussi est de l&rsquo;or<\/i>, douze po\u00e8mes accompagnant une peinture en triptyque de Jacques Clauzel<\/li>\n<\/ul>\n<h1><b>\u00c9ditions de Rivi\u00e8res<\/b><\/h1>\n<p><a href=\"http:\/\/leseditionsderivieresoulaprespab.midiblogs.com\/\">http:\/\/leseditionsderivieresoulaprespab.midiblogs.com\/<\/a><\/p>\n<ul>\n<li><i>Mol\u00e8ne<\/i>, onze gouaches d&rsquo;Alain Cl\u00e9ment<\/li>\n<li><i>Larzac, <\/i>gouaches de Sylvie Deparis<\/li>\n<li><i>Trois Villes<\/i>, dessins aquarell\u00e9s de Patrice Vermeille<\/li>\n<li><i>Fascination, <\/i>gravures de S\u00e9bastien Fr\u00e8re<\/li>\n<\/ul>\n<h1><b><\/b><b>\u00c9ditions Fata Morgana<\/b><\/h1>\n<p><a href=\"http:\/\/www.fatamorgana.fr\/noms\/frederic-jacques-temple\">http:\/\/www.fatamorgana.fr\/noms\/frederic-jacques-temple<\/a><\/p>\n<ul>\n<li><i>\u00c0 l\u2019ombre du figuier<\/i>, gouaches d\u2019Alain Cl\u00e9ment<\/li>\n<li><i>\u00c0 moi le ciste \u00e0 feuilles de velours<\/i>, deux gouaches et dix-neuf collages originaux d\u2019Alain Cl\u00e9ment<\/li>\n<li><i>Venise toute d&rsquo;eau<\/i>, collages et gouaches d&rsquo;Andr\u00e9-Pierre Arnal<\/li>\n<\/ul>\n<h1><b>\u00c9ditions La <\/b><b>biblioth\u00e8que du lion<\/b><b><\/b><\/h1>\n<p>http:\/\/www.labibliothequedulion.com\/<\/p>\n<ul>\n<li><i>Lazare<\/i>, nouvelle<\/li>\n<\/ul>\n<h1><b>\u00c9ditions <\/b>Rencontres<\/h1>\n<p><a href=\"http:\/\/www.lannexemontolieu.com\/montolieu_html\/la_cooperative_editions_rencontres.html\">http:\/\/www.lannexemontolieu.com\/montolieu_html\/la_cooperative_editions_rencontres.html<\/a><\/p>\n<ul>\n<li><i>Migrations<\/i>, dessins rehauss\u00e9s d&rsquo;Emmanuel Fillot<\/li>\n<li><i>Sur un Tapis volant<\/i>, avec le peintre Jean Cortot (\u00e0 para\u00eetre en mars 2014)<\/li>\n<\/ul>\n<h1><b>\u00c9ditions Trames<\/b><\/h1>\n<p><a href=\"http:\/\/editions-trames.pagesperso-orange.fr\/\">http:\/\/editions-trames.pagesperso-orange.fr\/<\/a><\/p>\n<ul>\n<li><i>Ode \u00e0 Saint-P\u00e9tersbourg<\/i>, s\u00e9rigraphie de Pierre Soulages<\/li>\n<li><i>En Br\u00e9sil (carnet de route)<\/i>, bois de Dagmar Martens<\/li>\n<li><i>Sept Jours<\/i>, deux gravures sur bois de Dagmar Martens<\/li>\n<li><i>De mon village, <\/i>lithographie de<i> <\/i>G\u00e9rard Fournier<\/li>\n<\/ul>\n<h1><b>\u00c9ditions Verdigris<\/b><\/h1>\n<p>http:\/\/netoos.org\/pele-mele\/affichepage.php?page=Accueil<i><\/i><\/p>\n<ul>\n<li><i>Un jardin au bord de l&rsquo;eau<\/i>, gravures en mani\u00e8re noire de Judith Rothchild<\/li>\n<li><i>Intimes retraits<\/i>, quatre gravures en mani\u00e8re noire de Judith Rothchild<\/li>\n<\/ul>\n","protected":false},"excerpt":{"rendered":"<p>Alain Lucien Beno\u00eet \u2013 \u00c9dition http:\/\/www.abedition.com\/collection.php?coll_id=11 Sous les branches, gouaches d\u2019Alain Cl\u00e9ment Editart http:\/\/www.editart.ch\/ Entre la lune et le soleil, s\u00e9rigraphies de Samy Briss Si je t&rsquo;oublie, s\u00e9rigraphies de Samy Briss \u00c9ditions \u00c0 travers http:\/\/www.jacquesclauzel.com\/editions-a-travers-art-contemporain-jacques-clauzel.aspx Vers l\u2019oubli, avec des lavis de Jacques Clauzel Le d\u00e9sert br\u00fble, avec des lavis au brou de noix de Jacques [&hellip;]<\/p>\n","protected":false},"author":3,"featured_media":0,"parent":0,"menu_order":0,"comment_status":"closed","ping_status":"open","template":"","meta":{"footnotes":""},"class_list":["post-168","page","type-page","status-publish","hentry"],"_links":{"self":[{"href":"https:\/\/frederic-jacques-temple.fr\/index.php\/wp-json\/wp\/v2\/pages\/168","targetHints":{"allow":["GET"]}}],"collection":[{"href":"https:\/\/frederic-jacques-temple.fr\/index.php\/wp-json\/wp\/v2\/pages"}],"about":[{"href":"https:\/\/frederic-jacques-temple.fr\/index.php\/wp-json\/wp\/v2\/types\/page"}],"author":[{"embeddable":true,"href":"https:\/\/frederic-jacques-temple.fr\/index.php\/wp-json\/wp\/v2\/users\/3"}],"replies":[{"embeddable":true,"href":"https:\/\/frederic-jacques-temple.fr\/index.php\/wp-json\/wp\/v2\/comments?post=168"}],"version-history":[{"count":1,"href":"https:\/\/frederic-jacques-temple.fr\/index.php\/wp-json\/wp\/v2\/pages\/168\/revisions"}],"predecessor-version":[{"id":683,"href":"https:\/\/frederic-jacques-temple.fr\/index.php\/wp-json\/wp\/v2\/pages\/168\/revisions\/683"}],"wp:attachment":[{"href":"https:\/\/frederic-jacques-temple.fr\/index.php\/wp-json\/wp\/v2\/media?parent=168"}],"curies":[{"name":"wp","href":"https:\/\/api.w.org\/{rel}","templated":true}]}}