{"id":145,"date":"2014-01-19T11:54:28","date_gmt":"2014-01-19T11:54:28","guid":{"rendered":"http:\/\/lesuniversdetemple.wordpress.com\/?page_id=145"},"modified":"2026-03-17T14:34:33","modified_gmt":"2026-03-17T14:34:33","slug":"liens-editeurs","status":"publish","type":"page","link":"https:\/\/frederic-jacques-temple.fr\/index.php\/liens-editeurs\/","title":{"rendered":"Liens \u00e9diteurs"},"content":{"rendered":"<p>\u00ab Je m\u2019en voudrais si j\u2019oubliais mes \u00e9diteurs successifs ou permanents\u00a0(ce sont des h\u00e9ros\u00a0!) : Edmond Charlot, d\u00e8s 1946, puis Chambelland, Grasset, Fata Morgana, Actes Sud o\u00f9 m\u2019accueillit Hubert Nyssen et qui r\u00e9\u00e9dite fid\u00e8lement mon\u00a0<i>Anthologie personnelle<\/i>\u00a0depuis 1989, Granit de Fran\u00e7ois-Xavier Jaujard, Proverbe de J\u00e9r\u00f4me V\u00e9rain, Jacques Br\u00e9mond et Obsidiane de Fran\u00e7ois Boddaert\u00a0; et enfin, pour mon dernier recueil, Bruno Doucey qui milite avec talent et passion dans la suite et dans le souvenir de Pierre Seghers\u00a0; comme celui-ci, \u00e9diteur-po\u00e8te ou po\u00e8te-\u00e9diteur\u00a0\u00bb<\/p>\n<p>Remerciements pour le prix Apollinaire, 2013<\/p>\n","protected":false},"excerpt":{"rendered":"<p>\u00ab Je m\u2019en voudrais si j\u2019oubliais mes \u00e9diteurs successifs ou permanents\u00a0(ce sont des h\u00e9ros\u00a0!) : Edmond Charlot, d\u00e8s 1946, puis Chambelland, Grasset, Fata Morgana, Actes Sud o\u00f9 m\u2019accueillit Hubert Nyssen et qui r\u00e9\u00e9dite fid\u00e8lement mon\u00a0Anthologie personnelle\u00a0depuis 1989, Granit de Fran\u00e7ois-Xavier Jaujard, Proverbe de J\u00e9r\u00f4me V\u00e9rain, Jacques Br\u00e9mond et Obsidiane de Fran\u00e7ois Boddaert\u00a0; et enfin, pour [&hellip;]<\/p>\n","protected":false},"author":3,"featured_media":0,"parent":0,"menu_order":0,"comment_status":"closed","ping_status":"open","template":"","meta":{"footnotes":""},"class_list":["post-145","page","type-page","status-publish","hentry"],"_links":{"self":[{"href":"https:\/\/frederic-jacques-temple.fr\/index.php\/wp-json\/wp\/v2\/pages\/145","targetHints":{"allow":["GET"]}}],"collection":[{"href":"https:\/\/frederic-jacques-temple.fr\/index.php\/wp-json\/wp\/v2\/pages"}],"about":[{"href":"https:\/\/frederic-jacques-temple.fr\/index.php\/wp-json\/wp\/v2\/types\/page"}],"author":[{"embeddable":true,"href":"https:\/\/frederic-jacques-temple.fr\/index.php\/wp-json\/wp\/v2\/users\/3"}],"replies":[{"embeddable":true,"href":"https:\/\/frederic-jacques-temple.fr\/index.php\/wp-json\/wp\/v2\/comments?post=145"}],"version-history":[{"count":1,"href":"https:\/\/frederic-jacques-temple.fr\/index.php\/wp-json\/wp\/v2\/pages\/145\/revisions"}],"predecessor-version":[{"id":682,"href":"https:\/\/frederic-jacques-temple.fr\/index.php\/wp-json\/wp\/v2\/pages\/145\/revisions\/682"}],"wp:attachment":[{"href":"https:\/\/frederic-jacques-temple.fr\/index.php\/wp-json\/wp\/v2\/media?parent=145"}],"curies":[{"name":"wp","href":"https:\/\/api.w.org\/{rel}","templated":true}]}}